remainder when v(-5) is divided by 11.
10
Let f = -9 + 28. What is the remainder when -2*(-4)/(-6)*-27 is divided by f?
17
Let z(m) = 10*m - 7. Let u = 21 - 7. What is the remainder when z(6) is divided by u?
11
Suppose -2*r + 3 = -21. Calculate the remainder when 44 is divided by r.
8
Let f = 92 + -59. What is the remainder when f is divided by 7?
5
Suppose -3*r = -0*r - 54. Calculate the remainder when 69 is divided by r.
15
Let x(z) = -z**3 - 5*z**2 + 5*z - 2. Let h be x(-6). Suppose 0*d - 124 = -h*d. What is the remainder when d is divided by 11?
9
Suppose -5*h + 2*d = -0*h - 22, 0 = -4*h + 5*d + 21. Let j(f) = -f - 3. Let r be j(0). Let c = 6 + r. Calculate the remainder when h is divided by c.
1
Suppose 5*i - 32 - 97 = 2*p, -p - 72 = -4*i. Let c = p + 93. Suppose 2*a + 70 = 7*a. What is the remainder when c is divided by a?
13
Let m(b) = -3*b**3 - 2. Let s be 58 + (1*-2)/2. Suppose 7*p - 3*g = 3*p + s, 2*g = -5*p + 54. What is the remainder when m(-2) is divided by p?
10
Suppose -20*s + 1025 = -1375. What is the remainder when s is divided by 32?
24
Suppose 0 = 3*u - y - 59, -2*y + 103 = 5*u + y. What is the remainder when u is divided by 11?
9
Let k(s) = -s**3 + 2*s**2 - 1. Let u be k(1). Suppose u = -2*q + 4 + 22. Calculate the remainder when q is divided by -10*((-1)/2 - 0).
3
Calculate the remainder when -1*-59*(0/1 - -1) is divided by 23.
13
Suppose 0 = q - 2*q - 1. Let z(c) = 46*c**2 + 1. Calculate the remainder when z(q) is divided by 24.
23
Suppose a = 1, -4*r - 3*a = -5*a - 202. What is the remainder when r is divided by 13?
12
Suppose -328 = -5*g - 68. Calculate the remainder when g is divided by 14.
10
Let r(d) = d**2 - 5*d + 1. Let n be r(5). Let q be n/(1 - 0) + 0. What is the remainder when 132/(-8)*(-2)/q is divided by 12?
9
Let z = 24 - 15. Let h = 2 - 4. What is the remainder when 15 is divided by z + (2 - 5 - h)?
7
What is the remainder when (116/6)/((-12)/(-54)) is divided by 22?
21
Suppose 113 = 2*v - 77. What is the remainder when v is divided by 20?
15
Let m = 347 - 187. What is the remainder when m is divided by 54?
52
Suppose 5 = -5*f - 3*h, -3*h - 12 = 3. Suppose 2*o - 84 = -d, f = -3*d + 8. What is the remainder when o is divided by 14?
13
Calculate the remainder when 2 + 269 + (-14 - -16) is divided by 46.
43
Calculate the remainder when (-1)/((-8)/(-6)) - 306/(-24) is divided by (-58)/(-12) + (-1)/(-6).
2
Suppose -4*a + 134 = -174. Suppose 0 = -4*n + c + a, n = c + 29 - 9. Calculate the remainder when n is divided by 10.
9
Suppose 10 = -f + 6*f. Let p = -2 + f. Let t(u) = -u**2 + u + 14. What is the remainder when 26 is divided by t(p)?
12
Let x be 14/(-4) + 2/4. Let p(c) be the first derivative of -13*c**2/2 - 4*c + 1. What is the remainder when p(x) is divided by 12?
11
Suppose -12*k + 33 = -171. What is the remainder when 50 is divided by k?
16
Let g(y) = y**3 + 2*y**2 - 2*y + 3. Let n = -6 - -8. Suppose -2*m + 3*f = -58, n*f = f. What is the remainder when m is divided by g(2)?
14
Let k = -1 + 14. What is the remainder when 37 is divided by k?
11
Suppose -39 = 5*m - 8*m. What is the remainder when m is divided by 6?
1
Suppose 3*d = 0, -5*d - 26 = w + 102. Let a = -77 - w. Calculate the remainder when a is divided by 26.
25
Calculate the remainder when (-75)/((-1 + 3)/(-2)) is divided by 26.
23
Let a(j) = 3*j - 14. What is the remainder when a(19) is divided by 22?
21
Suppose 7 = v + z - 0*z, -3*v - z = -19. Calculate the remainder when (0 - (3 - 1)) + 13 is divided by v.
5
What is the remainder when 13 is divided by 4/8*-2 + 8?
6
Suppose -3*o - 4*f + f = -24, -3*f - 15 = 0. Suppose 3*d + 4 + 23 = 4*r, 16 = 2*r - 2*d. Suppose r*s - o = 11. Calculate the remainder when 21 is divided by s.
5
Let r be (4/5)/((-4)/(-10)). Suppose 5*g - 51 = -r*t - 4, -2*g = -10. What is the remainder when t is divided by 4?
3
Let a = -103 - -151. What is the remainder when a is divided by 13?
9
Let j = 41 - 22. What is the remainder when 35 is divided by j?
16
Let z be 4 + 3 + -5 + 2. Suppose -20 = -z*n - u + 3, 0 = 3*n - u - 26. What is the remainder when n is divided by 4?
3
Suppose 2*p + p - 18 = 0. What is the remainder when 17 is divided by p?
5
Let n(t) = -4*t + 21. What is the remainder when n(-5) is divided by 9?
5
Let w = -3 + 72. Suppose 0 = 5*u + 3*p + p - w, -54 = -4*u - 2*p. Calculate the remainder when u is divided by 4.
1
Suppose z + 5*b = -20 + 45, -4*z + 119 = b. What is the remainder when z is divided by 8?
6
Calculate the remainder when 20 is divided by (0 - 4/(-8))*22.
9
Let w = 166 - 92. Suppose 2*o - 18 = -2*j, 3*j = 4*o - w + 10. What is the remainder when 50 is divided by o?
11
Calculate the remainder when 3/12 + 183/4 is divided by 24.
22
Let b(o) = -o**3 - 8*o**2 + 5*o. What is the remainder when 178 is divided by b(-9)?
34
Suppose 6*h - 24 = 30. Calculate the remainder when 16 is divided by h.
7
Let j = -4 - -7. Suppose -2*b + j*v + 118 = 0, b + 3*v = -2*v + 33. Calculate the remainder when b is divided by 18.
17
Suppose -2*r = -23 - 13. Let q = -3 + 5. Suppose 0 = -0*z + q*z - 20. What is the remainder when r is divided by z?
8
Let a(n) = -n**3 - 7*n**2 - 2*n - 5. Let c be a(-7). Let q = -37 + 60. Let w = q - c. Calculate the remainder when 39 is divided by w.
11
Suppose 4 = -3*o + 1. Let g be o + (1*-22 - 0). Calculate the remainder when -2 - (-9)/3 - g is divided by 13.
11
Let b = -91 - -65. Let j = b - -38. Calculate the remainder when 34 is divided by j.
10
Suppose 2*b - 17 = b. What is the remainder when b is divided by 5?
2
Suppose -805 = -26*u + 3*u. Suppose -71 = -5*s + 19. Calculate the remainder when u is divided by s.
17
Let w = 19 - -19. What is the remainder when w is divided by 16?
6
Let b = 37 - 14. What is the remainder when b is divided by 12?
11
What is the remainder when (1 + -9 - -3)*19/(-5) is divided by 5?
4
Suppose -2 = -4*w - 10, 2*v - 3*w - 28 = 0. Calculate the remainder when ((-5)/(5/(-2)) + 8)*2 is divided by v.
9
Suppose 0 = 5*v + 4*r - 6, -v + 6*v + 2*r = 8. What is the remainder when (-6 - (3 - 4))/(-1) is divided by v?
1
Suppose g + 90 = 6*g. Let b(x) = -x - 5. Let a be b(-5). Suppose 0*j - 3*j + 159 = a. What is the remainder when j is divided by g?
17
Suppose -5*m + 170 = -b, 0*m + 3*b = -5*m + 170. Calculate the remainder when m is divided by 12.
10
Suppose 6*w = w. What is the remainder when 13 - (3 - w)/1 is divided by 4?
2
Let m(p) = 9*p - 4. Suppose i - 2*b = -i + 12, -18 = i + 5*b. Calculate the remainder when 40 is divided by m(i).
12
Let t be -31 + (-1 - 3 - -3). What is the remainder when 15 is divided by (t/(-20))/(5/25)?
7
Suppose -5*k + 20 = x, -2*k + k = 4*x - 23. Let h be 26*(2/(-4) - 0). Let r = x - h. Calculate the remainder when r is divided by 7.
4
Let d(p) = 3*p - 3. What is the remainder when 44 is divided by d(6)?
14
Suppose 95 = 2*y + 23. What is the remainder when 105 is divided by y?
33
Let x(g) = -g - 3. Let h(p) = -p - 4. Let f(k) = -5*h(k) + 4*x(k). What is the remainder when 6 is divided by f(-6)?
0
Suppose -9 = -5*f + 11. What is the remainder when 20 is divided by f?
0
Suppose 5*q - 188 = -4*m, -3*q + 7*m + 135 = 2*m. Calculate the remainder when q is divided by 21.
19
Suppose -3*l - l + 20 = 0. Suppose 170 = 3*a + p, 4*a = l*p + 104 + 91. Let c(j) = j**2 + 2*j - 1. Calculate the remainder when a is divided by c(-5).
13
Let z = -238 + 250. Calculate the remainder when (10/6)/(5/105) is divided by z.
11
Let p be 0/(-1) - (-6 - -4). Suppose -3*x + p*r + 101 = 0, -6*x + 135 = -2*x - 3*r. Suppose 4*b = -5 + x. What is the remainder when 13 is divided by b?
6
Suppose 63 = 4*m - 41. Suppose -p + 34 = 2*p + 5*f, 0 = -2*p - 4*f + m. Calculate the remainder when 5 is divided by p.
2
Suppose 0 = -5*q - 8 - 7. What is the remainder when (-100)/q + (-2)/(-3) is divided by 12?
10
Let l = 19 - 6. Suppose c = 2*b + l, 3*c = -2*c - 5*b + 110. Let g = 4 + 3. What is the remainder when c is divided by g?
5
Suppose 2*w - 17 = -3*a, 2*a + 0 = 5*w - 14. Suppose 94 = a*d + 16. What is the remainder when 102 is divided by d?
24
Let w(c) be the third derivative of c**4/12 - 7*c**3/6 - c**2. Suppose 12 = 2*j - 2*m, -4 = 2*m - 2. Calculate the remainder when 4 is divided by w(j).
1
Suppose -m - 8 = -3*m. Let x be 2/(5/(70/m)). Suppose -14 = 2*w - x*w + l, -w